c be (-2)/((16/s)/4). Let t(p) = p**2 + 0 - 1 + 2*p + c. What is t(-2)?
2
Let g be ((-5)/(-10))/(2/28). Let d(q) = -q + 8. Let a be d(g). Let r(v) = -6*v + 1. Calculate r(a).
-5
Let m(o) be the second derivative of -2*o + 0*o**3 + 1/12*o**4 - 4*o**2 + 0. Calculate m(0).
-8
Let k(u) = u - 2. Let d(t) = -t + 3. Let f be d(2). Let j be f/3 + 40/15. Let w = 3 - j. Determine k(w).
-2
Let w(p) = p + 10. Let x(y) = 9. Let u(q) = 5*w(q) - 6*x(q). Let t = 0 - -13. Let h(v) = -11*v + 8. Let f(c) = t*u(c) + 6*h(c). Determine f(0).
-4
Let v(c) = -c**3 - 4*c**2 + 6*c + 5. Let w be v(-5). Let g(y) be the second derivative of y**5/20 + y**4/12 + y**3/6 - 9*y**2/2 + 8*y. Determine g(w).
-9
Let p(f) be the first derivative of -5/3*f**3 + 0*f**2 + 1 + 1/4*f**4 - 2*f. Let b be (-5)/(-10) + 9/2. Give p(b).
-2
Let t be 24*(-1 + (-5)/(-4)). Let d(w) = -3*w**3 - 6*w**2 + 2*w - 2. Let u(a) = -a**3 + a - 1. Let q(y) = d(y) - 4*u(y). Give q(t).
-10
Let a be 1/(-1)*(-21)/7. Let l(r) = r**a - 8 + 4*r + r**2 + r - 4*r. Determine l(0).
-8
Suppose -6*g + 2*g + 12 = 0. Let c(x) = 2*x + 3. Determine c(g).
9
Let p(q) = q**3 + 4*q**2 + 4*q + 2. Suppose 28 = -3*l - l. Let h(c) = -c**3 - 7*c**2 - c - 10. Let n be h(l). Give p(n).
-1
Let t(b) = 6*b**2 + 7*b + 3. Let r(p) = 2*p**2 + 2*p + 1. Let x(s) = -11*r(s) + 4*t(s). What is x(-4)?
9
Suppose g = 9 - 11. Let u(h) = 2*h**2 - 2*h - 1. Calculate u(g).
11
Let a(x) be the third derivative of -x**4/12 + x**3/2 + 5*x**2. Determine a(-3).
9
Let f(z) = -2*z + 2. Let y be f(1). Let j(n) be the second derivative of -7/12*n**4 + n + 0 + y*n**2 + 0*n**3. What is j(1)?
-7
Let u = -1 - -3. Let x(w) = -2*w**2 + 2 - 2*w - w**u + 0. Suppose 0 = -2*a + 2 - 6. What is x(a)?
-6
Let c(m) = 4 - 4 - 3 - 2*m. Let r be (-210)/(-27) - (-4)/18. Suppose 5*w + l = -24, 2*w - 5*l + r = -7. What is c(w)?
7
Let x(b) be the first derivative of 3/2*b**2 - 4 - b - 1/3*b**3. What is x(4)?
-5
Let r(v) = -v. Let o be (-3)/(-15) - 26/5. Let p be (-2*1 - -1) + 8. Let k = p + o. Determine r(k).
-2
Let p(u) be the first derivative of -u**3/3 - 7*u**2/2 + u + 13. Calculate p(-7).
1
Let q(t) = -3*t - 6. Let r(b) = -b - 12. Let k be r(-6). Give q(k).
12
Let i(n) = n**2 - 4*n - 3. Let g be i(5). Let z(f) = -f**3 + 0 - 6*f**g + 10*f - 5*f - 8*f + 7. Give z(-5).
-3
Let k(x) = -x**2 - 7*x - 6. Let b be k(-5). Let y(d) = 2 - d + 6*d + 2*d**2 - d**3 - 3*d**2 + 4*d**2. Give y(b).
6
Let d(x) = -14*x**3 - 14*x**2 - 17*x - 5. Let q(j) = 5*j**3 + 5*j**2 + 6*j + 2. Let p(b) = -6*d(b) - 17*q(b). Give p(-3).
14
Let b(z) = 5 - 2 + 0*z + 0*z**3 - z**3 - 6*z**2 - 5*z. Let s(a) = -1 - 2*a - 1 + 3*a. Let o be s(-2). Give b(o).
-9
Let o(u) be the second derivative of -u**7/2520 - u**6/240 + u**5/30 - u**4/3 + 4*u. Let s(k) be the third derivative of o(k). Give s(-6).
-14
Let r(q) = -q + 3. Suppose -6 = b - 1. Give r(b).
8
Let j(w) = -w**3 + 8*w**2 - 8*w + 4. Suppose -2*g + 4*q + 26 = 0, -5*q - 26 - 24 = -5*g. What is j(g)?
-3
Let p(g) = -2*g. Let n(r) = 5*r + 1. Let j(h) = n(h) + 4*p(h). Determine j(-1).
4
Let u(g) = 1 + 2 - 2*g - 6*g - 2. What is u(1)?
-7
Let f(o) = o - o**2 - o**2 + o**2 - 4*o**3 - 4 + 0*o**3. Let v(i) = 9*i**3 + 2*i**2 - 2*i + 9. Let c(j) = -7*f(j) - 3*v(j). Calculate c(0).
1
Let n(k) = k. Let b(z) = z**2 - 7*z - 4. Let f(m) = b(m) + 3*n(m). What is f(4)?
-4
Let z(i) = -i**3 + 4*i**2 - 4*i - 1. Let o = 64 + -89. Let y = 10 - 46. Let f be (-8)/y + o/(-9). What is z(f)?
-4
Let y(l) = -9*l**2 + 2*l + 3. Let p(h) = 17*h**2 - 3*h - 5. Let j(w) = -3*p(w) - 5*y(w). Determine j(-1).
-5
Let u(m) = -31*m + 21. Let g(b) = 20*b - 13. Let w(y) = 8*g(y) + 5*u(y). Let q(c) = c + 4*c - 4*c + 6. Let f be q(-4). What is w(f)?
11
Let m(u) be the third derivative of 0*u + 1/10*u**5 + 1/120*u**6 + 1/2*u**3 + 0 + 1/12*u**4 - 4*u**2. Determine m(-6).
-9
Let j = 14 + -13. Let r(c) = c**2 - 2*c - 1. Let q(y) = -6*y**2 + 11*y + 6. Let d(t) = -2*q(t) - 11*r(t). Give d(j).
0
Let f = 10 - 29/3. Let l(a) be the first derivative of 0*a**2 - 1 + f*a**3 - 1/4*a**4 - 5*a. Calculate l(0).
-5
Let v(q) = 5*q - 6*q - q + 5 + q. Determine v(5).
0
Let s(j) = 3*j + 7. Suppose -3*f = 4*y - 14, 0 = -y + 5*f - 1 - 7. Let p(n) = 2*n + 4*n**2 - y*n**3 - 2*n**2 - 1 + 0*n. Let b be p(2). Calculate s(b).
-8
Let l(r) = -r**2 - 5*r - 2. Let n(g) = 11*g**3 + 1. Let j be n(1). Suppose 3*x + h + 1 = 5*h, -3*h - j = 2*x. Calculate l(x).
4
Let d(j) = -j**3 - 3*j**2 + 4*j. Suppose 5*l - 24 = -3*q, -2 + 14 = 2*l + 2*q. Suppose l = -2*p - 5. Calculate d(p).
0
Let u(j) = 2*j. Suppose 34 = 5*p - 2*g, -5*p + 10*p - 3*g - 31 = 0. Determine u(p).
16
Let c(i) = -5*i**2 - 1. Let t(v) = v**3 + 4*v**2 - 6*v - 6. Let s be t(-5). Calculate c(s).
-6
Suppose 38 = -2*q + 2*r, -51 = q - 4*r - 17. Let b(u) = u + 9. Give b(q).
-5
Let m(w) = -w**2 - 24*w + 83. Let i be m(-27). Let q(f) = -3*f**2 + 2*f - 3. Give q(i).
-11
Let y(o) = -31*o**2 - 5*o + 14*o**2 + 18*o**2 + 0 + 2. Give y(4).
-2
Let z(f) = 1 + 4 - 1 - f. Give z(-4).
8
Let z(d) = d**3 - 3*d**2 - 7*d - 1. Let j be 2/4 - 10/(-4). Suppose 6*i - 15 = j*i. Give z(i).
14
Let r(u) = u - 2. Suppose -q - 24 = -5*q. Suppose -4*y + 3*o = -q, 0*o + 10 = 5*o. Give r(y).
1
Let u(p) = -p**2 + 14*p - 24. Let w be u(12). Let a(c) be the second derivative of 2*c + 1/3*c**3 - 3/2*c**2 + w + 1/6*c**4. Give a(2).
9
Let d(j) be the third derivative of j**4/24 + 5*j**3/6 - 4*j**2. Determine d(-4).
1
Suppose 0 = -5*j - 20, -4*s - 3*j = -j + 32. Let q(a) = 2*a + 3. Let u be q(0). Let t(k) = -2 - 6*k + u*k**3 - 6 - 7*k**2 - 4*k**3. Determine t(s).
-8
Let m(i) = -i**2 - i. Suppose -3*z = 2*z. Let w be m(z). Let f(b) = -b + 7. Determine f(w).
7
Let x be 1/(0 + (4 - 5)). Let o(m) = 13*m**3 + m**2 - m - 1. Determine o(x).
-12
Let k(b) = 15 - 6 - 10 - b - 6. What is k(-5)?
-2
Suppose 2*m - 3*g = 44, 3*g = -3*m - g + 66. Let r be m/(-10) - (-2)/10. Let o(p) = p - 1. Calculate o(r).
-3
Suppose 4*v - v = 0. Suppose 2*w - 1 - 3 = v. Let p(c) = -1 + 6 - 2 - c. Give p(w).
1
Let l = -6 + 3. Let g(u) = -u**3 - 2*u**2 + 2*u - 2. Give g(l).
1
Let g(k) = k**2 + 7*k + 5. Suppose o = -5*y + 8 + 1, -3*y = -5*o - 39. Let x = -11 - o. Let j be ((-4)/(-2))/(2/x). Calculate g(j).
-5
Let y(t) = 2*t - 1. Suppose 5*r = j + 21, -4*r + 3 = -3*j - 5. Let z be (-2)/4*-2 - -3. Suppose 1 = -o - 0, j*o = z*s. Calculate y(s).
-3
Let y(l) = -8*l**2 + 4 + 4*l**2 + 5*l**2 + 7*l. Determine y(-3).
-8
Suppose 20 = -3*m - 1. Let k(s) = -s**3 - 6*s**2 + 8*s + 8. Calculate k(m).
1
Suppose 0*q - 2*q + 4 = 0. Let h(x) = -3*x - q*x**2 + 6*x + 4*x**2 + 4 - 3*x**2. Let g = 1 - -3. Give h(g).
0
Let w(s) = -s**3 - 8*s**2 + 2*s + 11. Let l be w(-8). Let o(j) = -2*j - 5. What is o(l)?
5
Let g = -88 + 88. Let u(o) = -o + 3. Determine u(g).
3
Let t(n) = -n**2 + 6*n - 3. Let k be t(3). Let a(f) = f**2 - 9*f + 5. Calculate a(k).
-13
Let w(g) be the second derivative of -3*g - 1/20*g**5 + 0 + 1/12*g**4 + g**2 + 1/6*g**3. Determine w(2).
0
Let c(k) = -3*k**3 + 2*k - 1. Let d = 9 - 8. Let l = 5 - d. Suppose -7*o + 3*o = -l. What is c(o)?
-2
Suppose -3*a - 3*r = -2*a + 33, 0 = 3*a - r + 59. Let y = 15 + a. Let q(j) = j + 6. Let k be q(y). Let c(l) = l - 10. Calculate c(k).
-10
Let k = 0 - -1. Let q = -1 + 5. Let z(t) = t**2 - q + 3 + 6*t**2. Determine z(k).
6
Let o(r) = -3*r**2 - 16*r + 53. Let g(d) = -d**2 - 5*d + 18. Let v(j) = -11*g(j) + 4*o(j). Determine v(-10).
4
Let p(b) = -b**3 - b**2 + 10. Let x(i) = -3*i**3 - 2*i**2 + 21. Let a(w) = -5*p(w) + 2*x(w). Suppose 0 = g - 2*g. Determine a(g).
-8
Let v be 2 - -1*0/1. Let g(p) be the second derivative of p**5/10 - p**4/12 - p**3/2 + 3*p**2/2 - 20*p + 1. Calculate g(v).
9
Let r be 8 + (2 + -4 - 0). Let a(f) = -2*f - 3. Give a(r).
-15
Let z(i) = i. Let n(y) = 16. Let x(o) = n(o) + z(o). What is x(-13)?
3
Suppose -2*k - b = -3*b - 20, -3*k = 5*b - 22. Let y be ((-7)/(-2) + -1)*-2. Let g = y + k. Let x(s) = s - 7. Give x(g).
-3
Let v(w) be the third derivative of -7/120*w**6 + 0*w + 0 + 0*w**3 + 0*w**4 + 1/60*w**5 - w**2. What is v(1)?
-6
Let m(q) = q**3 - 3*q**2 - 3*q - 5. Let x(i) = -i**3 + 2*i**2 + 3*i + 4. Let j = 3 + 10. Suppose 7 + j = 5*l. Let f(w) = l*m(w) + 5*x(w). Give f(-3).
0
Let h = 21 - 24. Let b(s) = 0*s + s + s**3 + 0*s**3 - 1 + 3*s**2. Give b(h).
-4
Suppose -3*q + 0*q + 12 = 3*i, 0 = -3*i - 2*q + 8. Let l(